
10
Let m be -5*((-1)/(1/(-22)))/(-2). Calculate the highest common factor of m and 22.
11
Let r = -21 + 27. Let d be 2/8 - 239/(-4). Calculate the highest common divisor of r and d.
6
Suppose 940 = 2*f + 68. Let l(s) = -63*s - 3. Let c be l(-4). Let h = f - c. Calculate the highest common divisor of 17 and h.
17
Let t be (1*8/(-1))/(-2). Suppose 0 = t*w + 1 - 21. Let h = w - -3. What is the greatest common factor of h and 16?
8
Let o(x) = -x**3 - 5*x**2 - 2*x + 5. Let a be o(-5). What is the highest common factor of 90 and a?
15
Let r(h) = 13*h**3 + 2*h**2 - h. Let f be r(1). Suppose 4*w - f - 30 = 0. What is the highest common factor of w and 88?
11
Suppose 2*g - 1537 = 545. Suppose 5*d = -0*m - 2*m + g, -m - 211 = -d. What is the highest common factor of 19 and d?
19
Let p(f) = f**3 + 2*f**2 + 4. Let m be p(-3). Let r = 3 + m. Let b be ((-21)/6)/(r/8). Calculate the greatest common divisor of 35 and b.
7
Suppose -35 = -2*f - 11. Suppose 5*g - f = g. Suppose 4 = 5*t - 1. What is the highest common divisor of t and g?
1
Suppose 6*t - 5*t - 60 = -3*m, -4*t - 2*m + 260 = 0. What is the greatest common factor of t and 33?
33
Let o be -3 + (4 + -1)*1. Suppose o*m = -3*m. Suppose m = 3*i + c - 38 - 13, -3*i + 5*c + 33 = 0. What is the highest common factor of i and 8?
8
Suppose 4*a - 4*t - 64 = 0, -3*t + 14 = a - 5*t. Let g(n) = 10*n**2 - 5*n + 4. Let v be g(4). Calculate the greatest common factor of a and v.
18
Suppose 3*g = -0*g, 5*g + 6 = 2*y. Suppose -y*i = -5*i. Suppose 3*j + 6*p - 245 = p, -2*j + 4*p + 134 = i. Calculate the highest common factor of j and 15.
15
Let o(b) = b**3 + 9*b**2 + b + 7. Suppose 5*h + 50 = 5*y, -3*y = 2*h - 7*h - 44. Let p be o(h). Calculate the greatest common divisor of 14 and p.
14
Suppose -3*t - 24 + 72 = 0. Suppose 1104 = 2*g + 21*g. What is the greatest common factor of g and t?
16
Let y(s) = -s + 24. Let i be y(0). Suppose -k + 4*g = k - 6, 5*g = -k + i. Calculate the greatest common divisor of k and 27.
9
Let u = -76 + 175. Let x(p) = p + 20. Let w be x(-9). What is the highest common factor of w and u?
11
Suppose -5*p = -8*p + 9. What is the highest common factor of 33 and p?
3
Let w be (4/2 - 5)*(-55)/3. Calculate the highest common factor of w and 22.
11
Let h(s) = -s - 6. Let p be h(-7). Let f be 5*1 + (3 - 4). Suppose -f*i = -3*k - 23, 2*k - 4*k - 2 = 0. What is the greatest common factor of p and i?
1
Let s be (-1)/(-3)*2*15. Let j = -9 + 19. Calculate the highest common divisor of s and j.
10
Let c = 38 - -14. Calculate the highest common divisor of c and 78.
26
Let p = 5 - 5. Suppose a - 7 = -p. Let o(f) = 3*f**3 - 4*f**2 + 3*f + 2. Let s be o(3). Calculate the greatest common divisor of s and a.
7
Suppose -5*h = 5*d - 21 - 44, 0 = h + 2. Calculate the highest common divisor of 165 and d.
15
Let d = 32 - -15. What is the greatest common divisor of d and 141?
47
Let b be 1/((-4)/(-86)) + (-21)/42. Let z(s) = -2*s. Let n be z(-7). What is the highest common factor of b and n?
7
Let t(v) be the first derivative of 2*v**3/3 + 5*v**2/2 + 3*v - 1. Let u be t(6). Let g = 23 - 8. What is the highest common divisor of u and g?
15
Let d = -4 + 1. Let t be d/(2 - (-14)/(-4)). Suppose b - 3*w - 7 = 9, -w + t = 0. What is the highest common divisor of 55 and b?
11
Let i(u) = 2*u - 2. Suppose -4*l + 5 + 43 = 0. Let g = l - 6. Let a be i(g). Calculate the greatest common divisor of a and 50.
10
Suppose 2 + 2 = b. Suppose -190 = -3*k + q - 2*q, b*q + 150 = 2*k. Let d be 4*(1 + (-18)/(-8)). What is the highest common factor of d and k?
13
Let t be 18/81 + (-178)/(-9). What is the greatest common factor of t and 10?
10
Suppose -j = -5*j. Suppose -3*g + 4*g - 4 = j. Suppose m = g*m - 126. What is the greatest common factor of 7 and m?
7
Let f(w) = -2*w**2 + 6*w. Let k be f(4). Let y be (-1 + k)*(-20)/4. Suppose 51 = 4*c - 21. What is the greatest common divisor of y and c?
9
Let x(p) = p + 2. Let m(t) = -t + 3. Let r be m(5). Let j be x(r). Let s be j + 2 + (10 - 1). What is the greatest common factor of 1 and s?
1
Let m = 8 + -4. Let n = 5 + m. Let i(b) = -b**3 + 2*b**2 + 2*b - 3. Let f be i(-3). Calculate the greatest common factor of f and n.
9
Let t(s) = -15*s. Let d be t(-2). Suppose 0*n + 5*n - d = 0. Suppose q = -0*q + n. Calculate the highest common divisor of 66 and q.
6
Suppose -19 = -q + 13. Let w be ((-2)/(-2) - 1)/(-2). Suppose -z + w*z + 48 = 0. What is the greatest common divisor of q and z?
16
Let k(u) = u**2 + 4*u + 3. Let f be k(-3). Suppose -2*v - 3*v - 5 = f. Let t be (-1)/(-2*v/(-6)). What is the greatest common divisor of t and 18?
3
Suppose -3*o = -c - 4*c + 30, 3*o + 27 = 4*c. Let m be ((-6)/o)/((-2)/(-60)). Suppose m = n + n. Calculate the greatest common divisor of 54 and n.
18
Suppose -5*j = -3*j - 84. Let i be (-28)/(-5) - 2/(-5). Calculate the highest common factor of i and j.
6
Suppose -7*u + 3*u = -28. Suppose 5*y = 3*y. Suppose y*j + j = 7. Calculate the highest common divisor of j and u.
7
Let i be (1 - (-14)/(-8))*-40. Let a = -13 + 58. What is the greatest common divisor of i and a?
15
Suppose 0*x = -2*x + 4, 3*p - 3*x - 120 = 0. Let d(n) = -1 - p*n + 0 - 10*n. Let r be d(-1). Calculate the greatest common factor of 34 and r.
17
Suppose 2*k = 15 + 3. Let h be (-2)/3*k/(-2). Let f be 22/6 - 2/h. What is the highest common divisor of f and 30?
3
Let z(j) = 0*j + 0*j**3 + j**3 - 2*j**2 - 5*j + 6. Let v be z(4). Let s = -199 - -271. Calculate the greatest common factor of s and v.
18
Suppose -350 = -p - 4*p. Suppose -3*u + p = -u. Suppose 5*h = 4*h + 3*g + 20, -2*h = -4*g - 36. Calculate the highest common factor of h and u.
7
Let a be -14*-4*(-12)/(-28). Calculate the greatest common factor of a and 120.
24
Suppose 2*g = -5*v - 3*g + 240, 2*g = 2*v - 88. What is the greatest common divisor of v and 69?
23
Let i = 49 - 21. Calculate the greatest common factor of i and 42.
14
Suppose -3*x - h + 5*h + 100 = 0, -104 = -3*x + 5*h. What is the greatest common factor of x and 112?
28
Let j = -155 - -263. Let n(m) = m + 11. Let a be n(-6). Suppose y = a*t - 58, 40 + 16 = 5*t - 2*y. Calculate the highest common factor of j and t.
12
Let a = 82 + -28. Suppose 6*h - a = 3*h. Calculate the highest common divisor of h and 18.
18
Suppose 4*l = 20 + 8. Suppose -5 = l*n - 8*n. Suppose 6 = -2*r + 16. Calculate the greatest common factor of n and r.
5
Let j = -15 + 21. What is the highest common divisor of 18 and j?
6
Suppose 4*g + 53 = 3*c, 2*g = -c - 0 + 11. What is the greatest common divisor of 105 and c?
15
Let v(i) = -i**3 + 9*i**2 + i + 11. Let n be v(9). Calculate the highest common divisor of n and 120.
20
Let r be 7/(-3)*(-1 + -2). Let y = 172 - 116. What is the highest common divisor of r and y?
7
Let b be (-19)/(2 - 3 - 0). Let i = b + -3. What is the greatest common factor of i and 144?
16
Suppose 3*n + 0*n - 18 = 0. Suppose 1 - 7 = -k. What is the greatest common divisor of n and k?
6
Let k(q) = q**2 + 2*q - 1. Let y be k(2). Let p(i) = -2*i**3 + 5*i - 4. Let h be p(-3). What is the greatest common factor of h and y?
7
Let f(n) = 2*n**3 + 5 - 5*n**3 - 2 - 4*n**2. Let t be f(-3). Let b be 8 - (1 - (1 - 2)). Calculate the highest common divisor of t and b.
6
Let p = 16 + 22. Calculate the greatest common factor of 19 and p.
19
Let r(j) = -2*j. Let q be r(-3). Let t be (q/8)/((-2)/(-64)). Calculate the greatest common factor of 96 and t.
24
Suppose -708 = -5*q + 5*n + 62, 4*n = q - 157. Calculate the highest common divisor of q and 9.
9
Let o(x) be the third derivative of -1/6*x**3 + 0 + 1/12*x**4 + 0*x - 3*x**2 + 47/60*x**5. Let n be o(1). Calculate the highest common divisor of n and 12.
12
Suppose 1 = -4*h - 5*x, 2*x + 3 = -h - 1. Let p be (-4)/(1*(-3)/12). Let j be p/h - (-2)/6. What is the highest common factor of 9 and j?
3
Suppose 2*h + 0*h = -2*z + 2, 8 = 4*h + 3*z. Suppose 0 = -l + h, 4*x = -3*l + l + 46. Calculate the highest common divisor of 9 and x.
9
Suppose 0 = -5*j - 24 + 129. Let d = -2 - -12. Let w be 6/d*(-3 + 8). What is the greatest common factor of w and j?
3
Let g be (-6)/21 - 96/7. Let m = -7 - g. What is the highest common factor of 35 and m?
7
Let b be (14/3)/(2/(-3)). Let p = -5 - b. Suppose p*q = -v, 5*q + 25 = 2*v - 11. Calculate the greatest common divisor of 